Calculate the highest common divisor of b and 24.
8
Let g = -25341 + 32139. What is the greatest common divisor of g and 12?
6
Suppose -742 = -4*i - 2*o, 5*i + o - 3*o - 914 = 0. Suppose 187*f - 216 = i*f. What is the greatest common factor of 27 and f?
9
Let r be 614/(3*8/12). Let d = -303 + r. Suppose 2*z = 5*g - 94, 4*g + 2*z = 4*z + 74. What is the highest common divisor of g and d?
4
Let j be 64/(-1)*(80 - 79). Let r = 295 - 165. Let b = r + j. What is the greatest common factor of 33 and b?
33
Suppose -155 = -50*l + 19*l. Suppose -l*x = -4*z + 73, 12 = 4*z + 3*x - 21. Suppose -w + 90 = -6. Calculate the highest common factor of z and w.
12
Let b = -7492 + 7552. Calculate the greatest common divisor of 320 and b.
20
Let f = 515 + -481. Let l = 14 - 10. Suppose 6*k - 4*k - 46 = 4*o, 3*o = -l*k + 59. Calculate the greatest common divisor of k and f.
17
Let s be ((-1)/3)/((-1)/93). Let t(x) = x**3 - 3*x**2 - 184*x + 1574. Let r be t(10). What is the highest common factor of r and s?
31
Suppose 98 = f + 17. Let n be (2 + -1 - -1)*59 - -4. Let j = -113 + n. What is the greatest common divisor of f and j?
9
Suppose 0*p = p - 6. Suppose 1 = -i, -4*t - 2*i - 1 = -i. Let b = t + 66. Calculate the highest common factor of p and b.
6
Suppose -3*q - 69*z + 2 = -73*z, 3*q - 51 = -3*z. Calculate the highest common divisor of q and 865.
5
Let a(x) = -x**2 + 9*x - 6. Let k be a(8). Let w be k/4 - 87/(-6). Suppose 0 = -2*g - 2 + 8. Calculate the highest common factor of w and g.
3
Let l = -37 + 40. Suppose 0 = -3*b - 88 + 628. Suppose 8*k - l*k = b. What is the greatest common divisor of k and 4?
4
Let d be ((-5)/(-5) - (3 - -2))*20. Let j = -55 - d. What is the highest common divisor of 10 and j?
5
Suppose 286 = 31*v - 18*v. Suppose -f - 6 = f + 2*s, -f + 4*s + v = 0. Calculate the greatest common factor of f and 2.
2
Let q(z) = -12*z - 913 - 4*z + 14*z**2 + 905. Let u be q(4). What is the highest common factor of u and 24?
8
Let d(s) = s**3 - 24*s**2 + 9*s + 21. Let q be d(24). Calculate the greatest common factor of 2686 and q.
79
Let p = -44887 + 44984. What is the highest common factor of p and 7857?
97
Let a = 551 - 500. What is the highest common divisor of a and 6018?
51
Let d be 1 + -1 + -2 + 56. Let p be ((-2)/(-4) + 0)/(15/12240). Let s = -372 + p. What is the greatest common factor of d and s?
18
Suppose -2*d + 4*v = 10, -5*d + 27 = 4*v - 18. Suppose 3*m - 26 = -d. What is the highest common factor of m and 7?
7
Let f(n) = 134*n**3 + 20*n**2 - 36*n. Let c be f(2). Suppose -5*s + 154 = -146. Calculate the greatest common divisor of s and c.
60
Let r(f) = 3*f**2 + 86*f - 14. Let w be r(22). Calculate the greatest common divisor of 5 and w.
5
Suppose 5*u - 90 = -5*b, 0 = -159*u + 157*u - 3*b + 36. What is the greatest common factor of 522 and u?
18
Suppose 3*j + 2*j - 3*q - 312 = 0, 4*j - 256 = 4*q. Let n be (36/(-9) + 22/4)*j. Let g = -5 + 14. Calculate the highest common divisor of g and n.
9
Suppose 26*u = 77685 + 61493. Calculate the highest common factor of u and 53.
53
Let h be (-1 + 2)/(34/7786). Let i = -216 + h. Calculate the highest common divisor of i and 377.
13
Let c(r) = -r**2 - 53*r - 130. Let q be c(-47). Let v be -3*((-44)/6 - -1). Calculate the highest common divisor of v and q.
19
Let r be (-3)/(-6)*(3 + -3). Suppose r*m = -m + 1. What is the greatest common divisor of 7 and m?
1
Let x(q) = 214 - 414 + 213 + 3*q. Let t be x(-4). Calculate the highest common factor of t and 2.
1
Let q be (-456 - -285)*(2 - 7/3). What is the greatest common divisor of 95 and q?
19
Let p = -59 + 62. Let k = p + 77. What is the greatest common factor of 720 and k?
80
Let c be 1 + 7/(-4) + 17*(-1592)/(-32). What is the greatest common divisor of 195 and c?
65
Let l be -2*2 - (-60 + 35). Let v be l + (-1)/((-7)/(-7)). What is the greatest common divisor of 220 and v?
20
Let j be 1/10*-1 + (-36060)/(-600). Let g(x) = -x**3 + 7*x**2 - 2*x - 2. Let r be g(6). Suppose -2*b + 38 = -r. What is the greatest common factor of b and j?
30
Suppose -7586 - 6164 = -5*t. What is the highest common divisor of t and 75?
25
Let b = -3 - -7. Let c = 9 - b. Let k(f) = -21*f - 91. Let s be k(-6). What is the highest common divisor of c and s?
5
Let w = 194440 + -194387. Suppose -i + 382 - 117 = 0. Calculate the highest common factor of i and w.
53
Suppose -10*t = -2*t - 480. Let o = -1368 - -1468. What is the greatest common divisor of t and o?
20
Let o(k) = k**3 - 159*k**2 - 185*k + 4259. Let x be o(160). Calculate the greatest common divisor of x and 406.
7
Suppose m + 273 = 22*m. What is the greatest common factor of m and 793?
13
Suppose -3*u - 35 = -2*n, 2*u = -2*n + 91 - 41. Let a = 236 + -140. Suppose -18*l - a = -n*l. What is the greatest common divisor of l and 36?
12
Suppose -2*s + 3116 = -4*y, 0 = -4*s + 4*y + 3978 + 2274. What is the greatest common factor of 32 and s?
32
Suppose -2*j - 313 = -883. Suppose 0 = 7*t - j - 450. Suppose b = -5*x + 253, -1 + t = 2*x - b. What is the greatest common factor of 17 and x?
17
Suppose 5*h = -5*k + 55790, 4*h - 5*k = 1490 + 43160. Calculate the greatest common divisor of h and 93.
93
Let c(y) be the third derivative of 0 + 0*y - 13/3*y**3 + 14*y**2 + 1/4*y**4. Let o be c(5). Calculate the highest common factor of o and 4.
4
Suppose -2*a + a + 21 = 0. Suppose -140 + 640 = 25*j. Let h be (j/15 + 1)*3. What is the highest common divisor of a and h?
7
Suppose -97*o + 35368 = -13520. Calculate the highest common factor of 280 and o.
56
Let t = -12 - -319. Suppose -8*q + t = -317. What is the highest common factor of q and 234?
78
Suppose 12*l = 5 - 5. Let y be (l - (-2302)/8) + (-22)/(-88). Calculate the greatest common factor of y and 18.
18
Suppose 5*r + 509 = q, -4*r = -1039 + 1051. Calculate the greatest common divisor of q and 481.
13
Suppose 5*g - 7*g - 3 = -c, -10*c = 4*g - 78. Calculate the highest common divisor of c and 1841.
7
Suppose -131*q + 133*q = -5*t + 1877, q = 2*t - 758. Calculate the greatest common divisor of 348 and t.
29
Suppose 0 = 272*q - 283*q + 1698 + 1228. What is the greatest common factor of 380 and q?
38
Let s be (-12)/228 - (-2800)/133. Calculate the greatest common divisor of 6951 and s.
21
Let g(c) be the second derivative of -c**4/12 + 5*c**3/2 + 18*c**2 - c + 13. Let y be g(17). What is the greatest common divisor of 49 and y?
1
Let i = -6 - -6. Let r be 4*(3 - 5)*(0 - 1). Suppose i = -13*w + r*w + 250. What is the highest common divisor of 75 and w?
25
Let z = 1211 + -865. Let t = -227 + z. What is the highest common divisor of 7 and t?
7
Let n = -25239 - -26019. Calculate the highest common divisor of 70 and n.
10
Suppose -10086 = -13*h + 12*h - j, 2*h - 20178 = -3*j. What is the highest common factor of h and 24?
24
Suppose -1218 = -12*p - 402. Calculate the highest common factor of p and 612.
68
Suppose -4*o = 0, 10*d + 4*o - 20 = 8*d. Let h be (8/(-10))/2 + 74/d. What is the greatest common factor of h and 35?
7
Let k(h) = -h**2 + 2*h + 52. Suppose 2 = 2*f, 7 + 0 = 3*p - 2*f. Let x be (6 + -6)/(-1 + p). Let l be k(x). What is the highest common factor of 13 and l?
13
Let n = 62 + -22. Let c = 1314 + -246. Let j = c + -1060. Calculate the greatest common factor of n and j.
8
Suppose 39*s - 40*s = h - 703, 0 = 4*h + 2*s - 2806. What is the highest common divisor of 400 and h?
100
Suppose 81*b - 97190 = 3*b + 140320. Calculate the greatest common factor of 105 and b.
105
Let t(p) = 4*p + 19. Let x be (-105)/(-12) - ((-36)/16 - -3). Let c be t(x). Let f be (c - 0)/(2 + 52/(-32)). What is the highest common factor of 17 and f?
17
Suppose -14 + 17 = -3*m. Let p(y) = -168*y**2 - y - 2. Let h be p(m). Let d = -114 - h. What is the greatest common divisor of d and 11?
11
Suppose 1048*i - 432 = 1040*i. Let q be -288*6/(-16)*2. Calculate the greatest common factor of q and i.
54
Let p = -91 - -94. Let t = -4544 - -4787. Calculate the greatest common factor of p and t.
3
Suppose -2*v + 2*u = -42, 89 = 4*v - 7*u + 4*u. Suppose -5*q + 2 + 8 = 0. Let y be 2 + 0 + q + 204. What is the highest common divisor of v and y?
26
Suppose 4*a - 5*o = 94, 341*a + 5*o - 34 = 337*a. Let s(x) = -13*x - 1. Let y be s(-1). Calculate the highest common factor of y and a.
4
Let n be (-405)/(-30)*112/24. What is 